h + 48. Give k(-4).
-52
Let r(i) = -678*i - 16221. What is r(-24)?
51
Let k(x) = -x**2 + 150*x + 2652. Determine k(-16).
-4
Let p(g) = g**3 + 40*g**2 + 233*g + 68. What is p(-33)?
2
Let p(z) = 47*z + 166. Calculate p(-6).
-116
Let z(a) = -a**2 - 19*a - 24. Calculate z(-11).
64
Let j(z) = -2*z**2 + 65*z + 323. Calculate j(37).
-10
Let r(u) = -u**3 + 24*u**2 - 36*u + 27. Give r(24).
-837
Let f(v) = v**3 - v**2 - 4*v + 13. Determine f(0).
13
Let f(o) = 81*o + 775. What is f(-10)?
-35
Let h(o) = -29*o**2 + 40*o + 82. Give h(-2).
-114
Let g(t) = 91*t + 192. Calculate g(-8).
-536
Let m(g) = -2*g**3 + 12*g**2 + 33*g - 111. Give m(7).
22
Let v(w) = -w**3 - 10*w**2 - 7*w + 28. Give v(-4).
-40
Let o(q) = -739*q + 14. Give o(0).
14
Let x(s) = 4*s**3 + 9*s**2 - 14*s - 54. Determine x(-4).
-110
Let a(t) = -62*t - 3075. Calculate a(-50).
25
Let n(g) = 16*g**3 - 1088*g**2 - g + 69. Determine n(68).
1
Let w(a) = -a**3 - 2*a**2 + 18*a - 17. Determine w(6).
-197
Let j(y) = 74*y - 646. Determine j(8).
-54
Let a(w) = -8513*w + 272420. Determine a(32).
4
Let a(s) = -s**3 + 6*s**2 - 11*s + 17. Calculate a(7).
-109
Let o(u) = -2*u**2 + 52*u - 58. Calculate o(23).
80
Let t(c) = 12*c**2 - 765*c + 3055. Give t(4).
187
Let a(r) = -r**2 + 131*r - 1850. Determine a(16).
-10
Let z(q) = 20*q - 121. Give z(9).
59
Let x(v) = 124*v + 1514. Give x(-12).
26
Let f(k) = 7*k**3 - 2*k**2 - 39*k - 113. Give f(-3).
-203
Let u(n) = n**2 + 106*n + 511. Give u(-101).
6
Let i(n) = -91*n**3 + 6641*n**2 + 149*n - 221. Give i(73).
-2
Let f(d) = d**3 - 24*d**2 + 44*d + 37. Determine f(22).
37
Let h(u) = 1638*u + 4955. What is h(-3)?
41
Let q(k) = 3*k**2 + 389*k - 1318. Give q(-133).
12
Let u(t) = 160*t + 8. Give u(1).
168
Let l(b) = 2338*b + 16401. Determine l(-7).
35
Let i(o) = o + 39. Calculate i(-23).
16
Let o(q) = -3*q**3 - 8*q**2 - 4*q + 1. Calculate o(-3).
22
Let f(j) = 104*j + 621. Calculate f(-6).
-3
Let t(l) = 71*l - 29. Calculate t(1).
42
Let p(n) = n**3 + 12*n**2 - 61*n + 146. Calculate p(-16).
98
Let n(x) = -x**3 - 8*x**2 - 2*x - 21. Calculate n(-8).
-5
Let k(x) = -4*x**3 + 2*x**2 + 8*x - 7. Determine k(3).
-73
Let b(u) = 4*u**2 - 31*u - 190. What is b(12)?
14
Let n(t) = 771*t + 2811. Give n(-3).
498
Let o(z) = 12*z**3 + z**2 - 46*z + 81. What is o(2)?
89
Let n(u) = -2*u**3 + 37*u**2 - 101*u - 4. Give n(4).
56
Let i(d) = 6398*d + 44793. Determine i(-7).
7
Let s(u) = -49*u - 239. Give s(-6).
55
Let f(k) = -4*k**2 - 119*k - 43. What is f(-30)?
-73
Let u(n) = -292*n + 2922. Give u(10).
2
Let x(i) = 134*i - 877. Calculate x(9).
329
Let r(p) = p**2 - 8720*p + 60990. Calculate r(7).
-1
Let d(v) = 15*v - 265. What is d(18)?
5
Let s(l) = 2*l**2 - 22*l + 36. Give s(2).
0
Let w(z) = 63*z**2 - 698*z + 697. Determine w(1).
62
Let x(i) = -i**3 + 125*i**2 + 124*i + 236. What is x(126)?
-16
Let h(v) = 52*v**2 - 213*v - 19. Calculate h(4).
-39
Let c(o) = -19*o + 304. Give c(20).
-76
Let s(c) = -4740*c + 94800. Determine s(20).
0
Let r(l) = -302*l**3 + l**2 + 3*l - 4. Calculate r(1).
-302
Let x(m) = -120*m - 1155. Give x(-9).
-75
Let i(c) = c**2 + 849*c - 9380. Calculate i(11).
80
Let f(a) = a**3 - 7*a**2 + 28*a - 8. What is f(5)?
82
Let f(b) = -4*b - 8. Calculate f(-4).
8
Let g(a) = 2*a + 70. Determine g(-37).
-4
Let v(w) = -38*w - 290. Calculate v(-9).
52
Let o(d) = -3*d**2 - 178*d - 2646. Give o(-31).
-11
Let t(j) = j**3 - 47*j**2 - 55*j + 275. Calculate t(48).
-61
Let l(s) = -2*s**3 + 13*s**2 + 57*s - 355. Give l(7).
-5
Let m(h) = 319*h + 1910. What is m(-6)?
-4
Let r(p) = p**2 - 64*p + 178. Give r(3).
-5
Let d(i) = -24*i - 1790. Determine d(-74).
-14
Let l(t) = -13*t**2 + 187*t - 179. Give l(1).
-5
Let w(n) = -3330*n - 10. Calculate w(0).
-10
Let z(i) = 810*i + 7917. Give z(-10).
-183
Let m(f) = -10*f**2 - 49*f + 154. Give m(2).
16
Let z(n) = 201*n + 8. Determine z(0).
8
Let x(n) = 19*n - 68. Give x(7).
65
Let m(b) = -b**3 + 117*b**2 + 357*b + 370. What is m(120)?
10
Let t(m) = 2*m**3 + 85*m**2 + 197*m - 87. What is t(-40)?
33
Let f(p) = p**3 - 9*p**2 + 8*p + 46. Give f(7).
4
Let a(n) = -n**2 + 44*n + 253. Give a(50).
-47
Let i(o) = -o**3 + 8*o**2 + 21*o + 12. Give i(-4).
120
Let f(z) = z**3 + 14*z**2 + 53*z + 2. Determine f(-10).
-128
Let s(i) = -82*i + 13112. Give s(160).
-8
Let a(z) = -15*z**2 - 5*z + 28. Determine a(3).
-122
Let c(z) = -z**3 + 55*z**2 - 151*z - 271. Calculate c(52).
-11
Let w(z) = 59*z + 1000. What is w(-17)?
-3
Let c(w) = -w**3 + 55*w**2 + 112*w + 131. Give c(57).
17
Let s(m) = 42010*m - 126024. Determine s(3).
6
Let j(c) = 2*c**3 + 5*c**2 - 41*c - 89. Determine j(-2).
-3
Let k(c) = 14*c - 35. Give k(-6).
-119
Let v(o) = o**2 - 27*o - 227. What is v(34)?
11
Let l(t) = -136*t + 7339. What is l(54)?
-5
Let g(c) = -281*c + 2501. Calculate g(9).
-28
Let q(p) = p**3 + 19*p**2 + 34*p - 35. What is q(-17)?
-35
Let f(a) = 2*a**2 - 361*a + 718. Give f(2).
4
Let f(q) = 4*q**2 - 165*q - 2470. What is f(53)?
21
Let i(u) = -93*u + 3635. Determine i(39).
8
Let s(a) = -320*a - 463. Calculate s(-2).
177
Let z(p) = -p**2 + 28*p - 25. Calculate z(27).
2
Let v(z) = 43*z**2 - 8*z - 15. What is v(-2)?
173
Let c(s) = -7*s - 357. Determine c(-52).
7
Let r(m) = -12*m**2 - 28*m + 6. Calculate r(-4).
-74
Let j(g) = 4*g**2 - 16*g - 9. Determine j(4).
-9
Let i(k) = k**3 + 97*k**2 + 190*k + 123. What is i(-95)?
123
Let u(x) = 41*x**3 + 88*x**2 + 5*x - 1. Determine u(-2).
13
Let x(d) = 6*d**2 + 233*d + 19. Give x(-39).
58
Let a(o) = 48*o - 1688. Determine a(35).
-8
Let r(k) = -22*k - 249. Give r(-13).
37
Let z(q) = 13*q**3 - q**2 - 21*q - 38. Give z(-2).
-104
Let m(y) = -49*y**2 - 5419*y + 2214. Determine m(-111).
-6
Let y(v) = 9*v**2 + 370*v + 2802. Give y(-10).
2
Let k(v) = -7*v**2 + 866*v - 4152. Give k(5).
3
Let h(o) = -o**2 - 78*o - 615. Determine h(-69).
6
Let g(f) = f**3 - 16*f**2 + 15*f - 14. Determine g(15).
-14
Let g(o) = 109*o - 1750. Give g(17).
103
Let k(d) = -25*d**2 + 78*d + 5. Determine k(3).
14
Let x(q) = 263*q - 3152. What is x(12)?
4
Let a(p) = p**3 + 2*p**2 - 72*p + 26. Determine a(-8).
218
Let b(i) = -3*i**3 + 70*i**2 + 42*i + 49. Determine b(24).
-95
Let c(l) = 4*l**3 - 8*l**2 + l + 41. What is c(7)?
1028
Let c(j) = -j**3 - 20*j**2 - 76*j + 191. What is c(-13)?
-4
Let o(w) = 651*w + 44248. Determine o(-68).
-20
Let o(y) = 78*y - 830. What is o(11)?
28
Let l(k) = -49*k + 2458. Determine l(50).
8
Let k(h) = 18*h + 301. Give k(-19).
-41
Let m(t) = t**2 + 4352*t + 43420. Calculate m(-10).
0
Let y(z) = z**3 + 76*z**2 + 155*z + 493. Give y(-74).
-25
Let p(l) = 38*l - 753. What is p(20)?
7
Let d(j) = -j**3 - 20*j**2 + 233*j + 3639. Calculate d(-11).
-13
Let h(u) = 4*u**3 + 21*u**2 + 122*u + 494. Give h(-4).
86
Let l(n) = n**3 + 13*n**2 - 27*n - 141. Calculate l(-14).
41
Let n(p) = -12*p**2 - 101*p - 139. What is n(-7)?
-20
Let b(z) = 738*z**2 - 35*z + 34. Give b(1).
737
Let m(z) = 2*z**3 - 49*z**2 + 66*z + 45. What is m(23)?
-24
Let y(s) = -376*s - 46638. Calculate y(-124).
-14
Let f(y) = y**3 - 84*y**2 + 333*y - 1041. Calculate f(80).
-1
Let t(x) = 2*x**3 + 31*x**2 + 110*x + 555. Determine t(-13).
-30
Let d(k) = -k**3 - 68*k**2 - 199*k + 249. Calculate d(-65).
509
Let c(x) = 6*x**2 + 18*x - 69. Determine c(-10).
351
Let a(z) = 3*z**3 + 66*z**2 + 45*z + 135. Determine a(-21).
513
Let d(c) = -14097*c + 14095. What is d(1)?
-2
Let q(g) = 1033*g - 81619. Determine q(79).
-12
Let t(p) = 2*p**3 + 2*p**2 + 31*p - 34. Determine t(1).
1
Let s(k) = -k**2 + 33*k + 139. What is s(38)?
-51
Let m(a) = a**3 + 10*a**2 - 42*a - 10. Give m(4).
46
Let v(m) = -2*m**2 + 193*m + 4392. Calculate v(-19).
3
Let z(p) = p**2 + 8*p - 102. Give z(12).
138
Let p(n) = n**3 - 16*n**2 + 46*n + 31. Determine p(12).
7
Let g(f) = f**2 + 52*f - 2124. Determine g(-79).
9
Let r(c) = 400*c + 2185. Determine r(-6).
-215
Let o(p) = -21*p**2 + 485*p + 484. Determine o(-1).
-22
Let w(t) = -188*t + 1000. Calculate w(5).
60
Let g(z) = z**3 + 11*z**2 + 39*z + 182. Give g(-6).
128
Let s(v) = -v**2 + 17*v + 109. What is s(22)?
-1
Let d(c) = -13*c**2 - 57*c - 11. Determine d(-6).
-137
Let i(n) = -42*n - 1583. Calculate i(-39).
55
Let g(k) = k**2 - 48*k - 706. Determine g(58).
-126
Let k(w) = -21*w + 3. Give k(-7).
150
Let s(r) = -r**2 - 30*r + 397. Determine s(-40).
-3
Let n(r) = r**3 + 19*r**2 + 63*r + 482. Calculate n(-17).
-1